Let v(d) = 2*d + 10. Give v(7).
24
Let a(z) = 12*z**2 + z - 2. Give a(-2).
44
Let r(y) = 24*y**2 + y + 1. Calculate r(1).
26
Let j(y) = -50*y + 102. Determine j(2).
2
Let a(w) = w**2 + 6*w - 25. Calculate a(-8).
-9
Let t(j) = -j**2 - j - 13. What is t(0)?
-13
Let s(r) = 2*r**2 - 5*r - 4. What is s(3)?
-1
Let h(k) = -3*k + 82. What is h(28)?
-2
Let a(m) = -2*m**2 - 13*m + 12. Calculate a(-11).
-87
Let w(g) = g**2 - 4*g - 20. Calculate w(-4).
12
Let g(z) = -60*z**3 - 5*z - 4. Determine g(-1).
61
Let j(i) = -10*i**2 - 17*i + 1. What is j(-2)?
-5
Let k(v) = -3*v**2 + 4. Determine k(1).
1
Let s(y) = 2*y**2 - 19*y + 36. Determine s(3).
-3
Let i(x) = 2*x**2 - 15*x - 18. Calculate i(8).
-10
Let g(p) = -p - 3. Calculate g(-6).
3
Let f(u) = 19*u**2 - 1. Give f(-1).
18
Let w(s) = -s**2 + 3*s + 24. Give w(-4).
-4
Let t(h) = 10*h - 121. Give t(13).
9
Let b(t) = -t**2 - 9. What is b(0)?
-9
Let c(g) = 2*g**2 + 5*g - 7. Calculate c(2).
11
Let g(a) = -3*a - 149. What is g(0)?
-149
Let d(q) = 3*q**2 + 19*q + 22. What is d(-4)?
-6
Let w(n) = n**2 + 7*n + 7. Calculate w(-6).
1
Let q(w) = -95*w**2 - 2*w + 1. What is q(1)?
-96
Let v(k) = -k**2 + 5*k - 5. Determine v(4).
-1
Let a(y) = 2*y + 27. What is a(-19)?
-11
Let h(j) = j**2 - 11*j + 28. Give h(9).
10
Let i(c) = 11*c - 3. What is i(-2)?
-25
Let a(n) = -4*n + 18. What is a(8)?
-14
Let i(h) = -3*h - 1. Determine i(-3).
8
Let y(c) = -56*c + 5. Give y(1).
-51
Let b(o) = 66*o - 390. What is b(6)?
6
Let w(x) = -x**3 + 9*x**2 - 2*x + 8. Calculate w(9).
-10
Let b(g) = g**2 + 10*g + 20. Calculate b(-8).
4
Let j(f) = 15*f - 313. Give j(20).
-13
Let l(o) = 78*o**3 + 2*o**2 - 1. What is l(1)?
79
Let z(u) = u**2 + 7*u + 10. Calculate z(-2).
0
Let l(c) = -3*c - 48. Calculate l(-14).
-6
Let h(u) = -u**2 - 5*u + 9. Calculate h(-6).
3
Let x(a) = 5*a**2 + 2*a - 3. Calculate x(1).
4
Let u(j) = j**3 - 16*j**2 - 16*j - 21. Determine u(17).
-4
Let r(c) = 3*c**2 + 5*c - 1. Give r(-6).
77
Let t(p) = 5*p + 35. Give t(-7).
0
Let f(q) = -2*q - 10. Determine f(0).
-10
Let c(o) = o**3 + 9*o**2 - 3*o - 11. Give c(-9).
16
Let j(p) = -p**2 - 14*p - 26. Give j(-12).
-2
Let x(j) = j**2 - 8. What is x(-3)?
1
Let i(t) = 20*t - 2. Determine i(0).
-2
Let b(r) = -9*r + 43. What is b(4)?
7
Let x(q) = q**2 - 31*q - 35. Calculate x(32).
-3
Let h(g) = -2*g**3 + g**2 + 2*g. What is h(2)?
-8
Let x(g) = -3*g. Give x(3).
-9
Let j(f) = -f**3 + 29*f**2 - 53*f - 25. What is j(27)?
2
Let y(j) = -2*j**2 - 36. What is y(0)?
-36
Let l(h) = h**3 + 11*h**2 + 2*h + 11. Give l(-11).
-11
Let b(o) = o**3 - 10*o**2 + 3*o + 10. Determine b(9).
-44
Let q(l) = -l**2 - 9*l - 11. What is q(-10)?
-21
Let l(c) = -c**3 + 14*c**2 - 13*c - 8. Determine l(13).
-8
Let j(l) = l**2 + 16*l - 42. Give j(-18).
-6
Let v(b) = 59*b - 293. Calculate v(5).
2
Let t(k) = -k**3 - 8*k**2 + 9*k - 15. Give t(-9).
-15
Let s(z) = -4*z - 19. Calculate s(-10).
21
Let g(z) = -2*z**2 - 28*z + 24. Give g(-15).
-6
Let w(y) = 2*y**3 + 18*y**2 - 3*y - 5. What is w(-9)?
22
Let a(d) = -3*d - 2. Calculate a(-3).
7
Let p(d) = 25*d - 7. Calculate p(2).
43
Let v(t) = -t**2 - 5*t + 4. Give v(-9).
-32
Let o(h) = -5*h + 63. Determine o(13).
-2
Let g(z) = -z**3 + 8*z**2 + 9*z - 5. Determine g(9).
-5
Let a(c) = -3*c**3 - 6*c**2 - 3*c - 6. Determine a(-4).
102
Let p(w) = 24*w**2 - 13*w + 1. What is p(2)?
71
Let v(j) = j**3 + 25*j**2 - j + 4. Give v(-25).
29
Let t(x) = 6*x + 67. Give t(-13).
-11
Let x(t) = t**3 + 11*t**2 + 12*t - 13. What is x(-9)?
41
Let z(n) = n**3 + 6. What is z(0)?
6
Let m(r) = -r**2 + 13*r - 35. Give m(10).
-5
Let x(d) = -5*d + 29. Give x(5).
4
Let c(u) = -u**3 + 7*u**2 - 4*u - 5. Give c(7).
-33
Let z(s) = -s**2 - 29*s - 74. Give z(-3).
4
Let m(s) = -17*s**3 - s**2 + s. What is m(1)?
-17
Let i(p) = p - 6. Calculate i(-3).
-9
Let h(x) = 14*x - 12. Calculate h(5).
58
Let n(s) = -s + 14. What is n(8)?
6
Let c(i) = 2*i**2 - 6*i + 2. Give c(1).
-2
Let z(d) = -4*d + 3. What is z(2)?
-5
Let t(r) = 13*r + 28. Determine t(-6).
-50
Let x(i) = 4*i**2 + i. What is x(2)?
18
Let j(f) = f**2 - 2*f - 4. What is j(8)?
44
Let f(u) = -u**3 - 10*u**2 - 15*u + 13. What is f(-8)?
5
Let i(c) = -23*c - 66. Give i(-3).
3
Let j(h) = h**3 - 5*h**2 - 6. Give j(5).
-6
Let i(y) = -2*y**3 - 10*y**2 - 6*y + 4. Calculate i(-4).
-4
Let s(y) = y**3 + 35*y**2 + 47*y + 432. What is s(-34)?
-10
Let x(d) = -3*d - 67. Calculate x(-22).
-1
Let n(s) = -s**3 - 31*s**2 - 28*s + 59. Calculate n(-30).
-1
Let p(d) = d - 8. Calculate p(-9).
-17
Let q(p) = p**2 + 53*p + 612. Calculate q(-36).
0
Let z(i) = i**3 - 7*i**2 - 6*i - 2. Calculate z(7).
-44
Let b(x) = -x**3 - 8*x**2 - 10*x - 10. Give b(-7).
11
Let l(u) = -u**3 + 6*u**2 + 8*u - 15. Determine l(7).
-8
Let b(n) = n**3 + 4*n**2 - 7*n + 1. Give b(-6).
-29
Let s(c) = -c**3 - c**2 - c + 11. Give s(2).
-3
Let s(l) = 11*l - 27. Determine s(2).
-5
Let r(d) = -5*d + 4. What is r(-2)?
14
Let t(w) = 8*w + 2. Determine t(-9).
-70
Let g(m) = -m - 2. Calculate g(3).
-5
Let c(a) = 32*a - 16. Determine c(-3).
-112
Let f(z) = z**2 + 6*z - 93. What is f(7)?
-2
Let p(q) = -q**2 + 16*q - 6. What is p(11)?
49
Let b(k) = k - 11. Determine b(10).
-1
Let t(c) = 3*c + 14. What is t(6)?
32
Let q(z) = -z**3 + 9*z**2 - 8*z - 10. Give q(8).
-10
Let p(c) = -7*c**2 + 33*c - 33. Calculate p(1).
-7
Let a(i) = -8*i + 55. What is a(9)?
-17
Let y(g) = g**3 - 16*g**2 - 2*g + 39. Calculate y(16).
7
Let s(h) = -h - 14. Determine s(0).
-14
Let c(z) = z**2 + 14*z + 18. Give c(-14).
18
Let d(c) = c**3 + 8*c**2 - 2*c + 10. Determine d(-8).
26
Let s(k) = 2*k**2 - 3*k - 5. What is s(-2)?
9
Let z(f) = 24*f - 5. Determine z(1).
19
Let t(s) = -s**2 + 19*s - 20. What is t(17)?
14
Let s(x) = -26*x + 6. Determine s(2).
-46
Let z(m) = -m**3 + 15*m**2 - 13*m - 19. Determine z(14).
-5
Let c(f) = 4*f + 102. Calculate c(-27).
-6
Let s(c) = -3*c**3 + 2*c**2 - 1. Calculate s(-1).
4
Let a(c) = c**3 - 2*c + 5. Calculate a(-3).
-16
Let o(u) = u + 9. Determine o(-7).
2
Let j(y) = y**3 - 17*y**2 + 18*y - 10. What is j(16)?
22
Let m(g) = -108*g + 530. Determine m(5).
-10
Let f(s) = -2*s - 7. Give f(-7).
7
Let w(g) = g**2 - 27*g + 104. Determine w(26).
78
Let b(i) = 22*i - 3. What is b(2)?
41
Let j(u) = 2*u**2 + 3*u + 3. Calculate j(-2).
5
Let r(v) = v**3 - 9*v**2 - 9*v - 3. What is r(10)?
7
Let y(i) = -3*i + 1. Give y(1).
-2
Let k(u) = -u - 9. Give k(-12).
3
Let m(j) = j**3 - 12*j**2 + 2*j - 3. What is m(12)?
21
Let w(b) = 89*b**3 - b**2 + 1. Give w(1).
89
Let n(d) = -d - 83. Give n(0).
-83
Let p(i) = i**3 - 9*i**2 + 15*i + 30. Calculate p(5).
5
Let n(k) = 3*k - 8. Give n(5).
7
Let u(m) = -m - 10. Calculate u(0).
-10
Let s(r) = 2*r**2 + 4*r - 5. What is s(-4)?
11
Let q(v) = -177*v + 1773. Give q(10).
3
Let b(z) = -2*z**3 + z**2 - 2*z. Calculate b(-2).
24
Let m(w) = -w**2 - 8*w + 32. What is m(3)?
-1
Let r(o) = o**2 - 12*o + 5. Calculate r(12).
5
Let w(g) = -g**3 + 3*g**2 + 11*g. Give w(5).
5
Let g(r) = -r**2 + 2*r - 1. What is g(0)?
-1
Let u(p) = 30*p - 10. Calculate u(4).
110
Let l(i) = 2*i**3 + i**2. What is l(0)?
0
Let i(k) = 3*k - 27. Give i(8).
-3
Let z(n) = n**2 - 8*n + 18. What is z(9)?
27
Let m(n) = -n**3 + 9*n**2 - 7*n - 11. Calculate m(7).
38
Let u(y) = -13*y - 163. Determine u(-10).
-33
Let d(s) = s - 2. What is d(-3)?
-5
Let u(m) = m**3 + 10*m**2 + 12*m - 6. Give u(-9).
-33
Let b(c) = -c**3 - 9*c**2 + 9*c - 13. What is b(-10)?
-3
Let o(h) = -5*h + 24. Determine o(11).
-31
Let z(o) = -4*o + 9. Calculate z(4).
-7
Let r(k) = -k - 16. Calculate r(0).
-16
Let h(s) = -5*s - 6. Calculate h(-11).
49
Let h(c) = -2*c - 3. Determine h(8).
-19
Let w(j) = 110*j**2 - 4*j - 4. What is w(-1)?
110
Let n(f) = -2*f**3 + 23*f**2 - 27*f - 34. Calculate n(10).
-4
Let u(m) = 10*m**2 - 4*m + 5. Determine u(2).
37
Let m(d) = -6*d**2 - 3*d + 2. What is m(1)?
-7
Let o(q) = -2*q**3 - 16*q**2 + 3*q + 25. What is o(-8)?
1
Let v(u) = u**2 - 8*u + 21. What is v(6)?
9
Let g(i) = 7*i - 43. What is g(7)?
6
Let y(g) = -5*g - 53. Give y(-7).
-18
Let b(a) = 8*a**3 + 5*a**2 - 5*a - 7. Give b(-2).
-41
Let t(w) = -2*w + 23. Determine t(0).
23
Let g(i) = 5*i**3 - 3*i**2 + i - 2. What is g(2)?
28
Let d(i) = 65*i + 200. Give d(-3).
5
Let q(m) = -12*m - 903. Determine q(-75).
-3
Let g(q) = 32*q**2 - 2*q + 1. Give g(1).
31
Let s(a) = -7*a + 1. Determine s(1).
-6
Let k(h) = -h**2 - 